est common factor of 23639144 and 40?
8
What is the highest common divisor of 77409 and 1394349?
141
Calculate the highest common divisor of 80 and 137552.
16
What is the highest common factor of 76091964 and 260?
52
What is the highest common factor of 51781401 and 15498?
2583
Calculate the greatest common factor of 11220 and 66504.
204
What is the highest common divisor of 3468 and 2201160?
204
What is the highest common factor of 501 and 11812411?
167
What is the greatest common factor of 8586 and 13383984?
318
What is the highest common factor of 37 and 16782349?
37
Calculate the greatest common divisor of 20 and 1038360.
20
Calculate the highest common factor of 24 and 11732744.
8
Calculate the greatest common factor of 184654 and 986.
34
What is the highest common divisor of 10807 and 82921?
101
What is the greatest common factor of 38801 and 333592?
161
What is the greatest common factor of 782 and 181740438?
34
Calculate the greatest common divisor of 2737913 and 5149.
271
Calculate the greatest common divisor of 5068801 and 323.
19
Calculate the greatest common divisor of 18609832 and 33196.
772
Calculate the greatest common divisor of 38929 and 2215414.
3539
What is the highest common divisor of 20727 and 677646?
423
What is the greatest common factor of 19851146 and 56?
14
What is the greatest common factor of 508162 and 437966?
46
Calculate the highest common divisor of 772152 and 320.
8
Calculate the greatest common factor of 686 and 3402.
14
What is the highest common divisor of 1982464 and 2651?
11
What is the greatest common factor of 51 and 4611488?
17
What is the highest common factor of 92069 and 20263?
23
Calculate the highest common divisor of 23460 and 3285420.
1020
What is the highest common divisor of 9948554 and 1694?
154
Calculate the highest common factor of 72 and 4830174.
18
What is the highest common divisor of 38480 and 856336?
208
What is the highest common factor of 5004144144 and 752?
752
What is the greatest common divisor of 94549608 and 41?
41
Calculate the highest common divisor of 57348 and 408516.
708
What is the greatest common factor of 31418042 and 2680?
134
Calculate the highest common divisor of 75897996 and 289.
17
Calculate the greatest common factor of 16707062 and 8032.
502
Calculate the highest common factor of 6118 and 3724252.
322
What is the highest common factor of 1835 and 347967380?
1835
What is the highest common divisor of 3790 and 46524145?
1895
Calculate the greatest common divisor of 1208853 and 225.
9
What is the highest common divisor of 1215900 and 7950?
150
What is the greatest common divisor of 1888 and 5417536?
32
What is the highest common factor of 234 and 187180396?
26
What is the greatest common divisor of 450 and 2139975?
225
What is the highest common factor of 258 and 15347517?
129
Calculate the greatest common divisor of 3136 and 313216.
64
Calculate the highest common divisor of 147988880 and 156.
52
Calculate the highest common divisor of 19142440 and 1426.
46
What is the greatest common divisor of 7749950 and 650?
650
What is the greatest common divisor of 4370399 and 18392?
2299
Calculate the highest common factor of 360961436 and 66.
22
Calculate the highest common divisor of 116243978 and 9740.
974
Calculate the highest common factor of 370025 and 384375.
1025
Calculate the highest common factor of 367 and 4127.
1
What is the highest common factor of 9156 and 27120?
12
Calculate the highest common divisor of 3922 and 1868722.
74
What is the highest common factor of 858 and 97146192?
858
Calculate the highest common divisor of 26113590 and 21910.
3130
What is the highest common divisor of 18259 and 24643?
19
What is the highest common divisor of 43 and 504253819?
43
Calculate the highest common divisor of 736 and 737159200.
736
What is the greatest common factor of 19028 and 782704?
284
Calculate the highest common divisor of 47936 and 3112202.
214
Calculate the greatest common factor of 1707792 and 846.
282
Calculate the greatest common divisor of 138 and 16042178.
46
What is the highest common divisor of 33 and 782161050?
33
What is the greatest common factor of 12116 and 119852404?
932
What is the greatest common factor of 32 and 102838936?
8
What is the greatest common factor of 16 and 28385384?
8
Calculate the greatest common factor of 7310074 and 1606.
146
Calculate the highest common divisor of 123 and 514167347.
41
What is the highest common divisor of 189 and 147189?
21
Calculate the highest common divisor of 1812653 and 1127.
23
What is the highest common factor of 644360 and 11719520?
3560
What is the highest common divisor of 9893 and 3530137?
13
Calculate the highest common factor of 900 and 19085850.
450
Calculate the greatest common divisor of 90623123 and 291.
97
Calculate the highest common divisor of 330 and 3318710.
10
What is the highest common divisor of 54 and 7398054?
54
Calculate the greatest common divisor of 339300 and 1332900.
900
What is the highest common divisor of 11935 and 1008315?
385
What is the greatest common divisor of 1252097 and 15631?
539
What is the highest common divisor of 1600 and 110875?
25
Calculate the highest common divisor of 1365683 and 11.
11
What is the greatest common divisor of 1567954 and 422584?
1046
Calculate the highest common factor of 1305 and 112763655.
45
What is the highest common factor of 10548 and 255496?
1172
What is the greatest common factor of 13743168 and 528?
48
What is the highest common divisor of 58782944 and 4?
4
Calculate the greatest common factor of 1603065 and 300.
15
Calculate the greatest common factor of 24010860 and 4031.
139
Calculate the greatest common factor of 13298073 and 24.
3
Calculate the greatest common divisor of 9728 and 12692.
76
Calculate the greatest common divisor of 5 and 123843445.
5
What is the highest common factor of 439370657 and 341?
341
What is the highest common factor of 72836 and 1297948?
524
Calculate the greatest common factor of 76 and 279554372.
76
Calculate the highest common factor of 54281 and 1419211.
527
What is the highest common divisor of 57443 and 83266?
527
Calculate the highest common divisor of 86681 and 5335365.
2989
What is the highest common divisor of 32 and 19183712?
32
What is the highest common factor of 24904 and 658258?
566
Calculate the greatest common factor of 5274 and 144468.
18
Calculate the highest common divisor of 1257 and 811050.
3
What is the highest common divisor of 519914157 and 63?
21
What is the highest common divisor of 1123125920 and 458?
458
What is the highest common divisor of 8050 and 110110?
70
Calculate the highest common factor of 1673 and 1094416372.
1673
Calculate the greatest common factor of 118379119 and 1503.
167
Calculate the highest common factor of 19484101 and 1534.
767
What is the greatest common divisor of 18371915 and 1735?
1735
Calculate the highest common divisor of 212 and 64439202.
106
Calculate the highest common divisor of 35066070 and 1326.
1326
What is the greatest common factor of 4120 and 37880?
40
What is the highest common factor of 51 and 38106367?
17
Calculate the greatest common factor of 14208 and 2175744.
384
Calculate the greatest common factor of 212418 and 22.
2
Calculate the greatest common factor of 48 and 154914216.
24
What is the highest common divisor of 907896 and 1144?
88
Calculate the greatest common factor of 367888 and 1928.
8
Calculate the highest common factor of 1705089 and 6.
3
Calculate the greatest common factor of 6541382271 and 53.
53
What is the highest common factor of 73763568 and 768?
48
What is the greatest common divisor of 1551 and 518694?
33
What is the highest common divisor of 312 and 573921504?
312
What is the highest common divisor of 5641324 and 1248?
52
What is the greatest common divisor of 3497 and 25461388?
269
What is the greatest common divisor of 24131224 and 40?
8
Calculate the greatest common factor of 20267008 and 12.
4
What is the highest common factor of 4698 and 117126?
162
Calculate the greatest common divisor of 141 and 1500479277.
141
Calculate the greatest common divisor of 35097208 and 248.
248
What is the greatest common divisor of 948 and 259977387?
237
Calculate the greatest common factor of 20 and 19281335.
5
Calculate